751?
751
What are the prime factors of 6471?
3, 719
What are the prime factors of 58358?
2, 29179
List the prime factors of 572.
2, 11, 13
List the prime factors of 143.
11, 13
What are the prime factors of 14790?
2, 3, 5, 17, 29
What are the prime factors of 83131?
59, 1409
What are the prime factors of 22064?
2, 7, 197
What are the prime factors of 3739?
3739
What are the prime factors of 69009?
3, 23003
What are the prime factors of 7058?
2, 3529
What are the prime factors of 90403?
90403
What are the prime factors of 5882?
2, 17, 173
List the prime factors of 60239.
59, 1021
What are the prime factors of 28187?
71, 397
What are the prime factors of 46082?
2, 23041
List the prime factors of 2986.
2, 1493
List the prime factors of 1981.
7, 283
List the prime factors of 5554.
2, 2777
What are the prime factors of 11081?
7, 1583
What are the prime factors of 40245?
3, 5, 2683
List the prime factors of 18048.
2, 3, 47
List the prime factors of 81972.
2, 3, 11, 23
List the prime factors of 4855.
5, 971
List the prime factors of 931.
7, 19
What are the prime factors of 25494?
2, 3, 7, 607
List the prime factors of 29989.
29989
What are the prime factors of 18874?
2, 9437
What are the prime factors of 30596?
2, 7649
List the prime factors of 6623.
37, 179
What are the prime factors of 19167?
3, 6389
What are the prime factors of 59877?
3, 6653
What are the prime factors of 12913?
37, 349
What are the prime factors of 141139?
53, 2663
What are the prime factors of 10158?
2, 3, 1693
List the prime factors of 16956.
2, 3, 157
What are the prime factors of 81544?
2, 10193
List the prime factors of 2054.
2, 13, 79
List the prime factors of 894.
2, 3, 149
What are the prime factors of 2007?
3, 223
What are the prime factors of 20967?
3, 29, 241
What are the prime factors of 1515?
3, 5, 101
What are the prime factors of 343?
7
List the prime factors of 22120.
2, 5, 7, 79
List the prime factors of 614.
2, 307
What are the prime factors of 71735?
5, 14347
List the prime factors of 1447.
1447
What are the prime factors of 6876?
2, 3, 191
List the prime factors of 3956.
2, 23, 43
What are the prime factors of 301?
7, 43
What are the prime factors of 36045?
3, 5, 89
What are the prime factors of 25478?
2, 12739
What are the prime factors of 112267?
131, 857
What are the prime factors of 94959?
3, 3517
What are the prime factors of 1403?
23, 61
What are the prime factors of 8334?
2, 3, 463
What are the prime factors of 104460?
2, 3, 5, 1741
What are the prime factors of 492?
2, 3, 41
List the prime factors of 2222.
2, 11, 101
What are the prime factors of 6224?
2, 389
List the prime factors of 1111.
11, 101
What are the prime factors of 605?
5, 11
List the prime factors of 76574.
2, 38287
List the prime factors of 24686.
2, 12343
List the prime factors of 1064.
2, 7, 19
What are the prime factors of 450?
2, 3, 5
List the prime factors of 78583.
78583
What are the prime factors of 813?
3, 271
List the prime factors of 426.
2, 3, 71
What are the prime factors of 1347?
3, 449
What are the prime factors of 1708?
2, 7, 61
What are the prime factors of 55725?
3, 5, 743
What are the prime factors of 23195?
5, 4639
What are the prime factors of 80508?
2, 3, 6709
List the prime factors of 1552.
2, 97
List the prime factors of 378.
2, 3, 7
List the prime factors of 2402.
2, 1201
What are the prime factors of 94688?
2, 11, 269
What are the prime factors of 332?
2, 83
What are the prime factors of 1084?
2, 271
List the prime factors of 599.
599
List the prime factors of 81988.
2, 103, 199
What are the prime factors of 199?
199
What are the prime factors of 12893?
12893
List the prime factors of 56376.
2, 3, 29
List the prime factors of 205.
5, 41
List the prime factors of 36603.
3, 7, 83
What are the prime factors of 817?
19, 43
List the prime factors of 7730.
2, 5, 773
List the prime factors of 1566.
2, 3, 29
List the prime factors of 16.
2
List the prime factors of 26230.
2, 5, 43, 61
List the prime factors of 11597.
11597
List the prime factors of 2887.
2887
What are the prime factors of 3258?
2, 3, 181
List the prime factors of 18009.
3, 23, 29
What are the prime factors of 451?
11, 41
List the prime factors of 1313.
13, 101
List the prime factors of 36132.
2, 3, 3011
List the prime factors of 311.
311
List the prime factors of 84487.
13, 67, 97
List the prime factors of 2459.
2459
What are the prime factors of 21409?
79, 271
What are the prime factors of 159?
3, 53
What are the prime factors of 6503?
7, 929
What are the prime factors of 99?
3, 11
List the prime factors of 2536.
2, 317
List the prime factors of 62027.
7, 8861
What are the prime factors of 412?
2, 103
What are the prime factors of 7115?
5, 1423
List the prime factors of 70364.
2, 7, 359
What are the prime factors of 4023?
3, 149
List the prime factors of 45037.
29, 1553
What are the prime factors of 54037?
54037
List the prime factors of 11387.
59, 193
List the prime factors of 91981.
59, 1559
What are the prime factors of 21?
3, 7
List the prime factors of 938.
2, 7, 67
List the prime factors of 807.
3, 269
What are the prime factors of 571?
571
What are the prime factors of 78391?
277, 283
What are the prime factors of 3456?
2, 3
What are the prime factors of 27530?
2, 5, 2753
List the prime factors of 586.
2, 293
What are the prime factors of 42959?
7, 17, 19
List the prime factors of 3050.
2, 5, 61
What are the prime factors of 2568?
2, 3, 107
List the prime factors of 60465.
3, 5, 29, 139
List the prime factors of 5162.
2, 29, 89
What are the prime factors of 35275?
5, 17, 83
List the prime factors of 3586.
2, 11, 163
List the prime factors of 25875.
3, 5, 23
What are the prime factors of 54340?
2, 5, 11, 13, 19
What are the prime factors of 3675?
3, 5, 7
List the prime factors of 14440.
2, 5, 19
List the prime factors of 146.
2, 73
What are the prime factors of 111973?
111973
What are the prime factors of 1014?
2, 3, 13
What are the prime factors of 85274?
2, 7, 6091
List the prime factors of 140363.
140363
List the prime factors of 6684.
2, 3, 557
What are the prime factors of 21241?
11, 1931
List the prime factors of 1291.
1291
List the prime factors of 106.
2, 53
What are the prime factors of 867?
3, 17
List the prime factors of 253.
11, 23
What are the prime factors of 956?
2, 239
What are the prime factors of 6179?
37, 167
What are the prime factors of 2576?
2, 7, 23
List the prime factors of 1455.
3, 5, 97
What are the prime factors of 44432?
2, 2777
List the prime factors of 1024.
2
List the prime factors of 1852.
2, 463
List the prime factors of 108962.
2, 7, 43, 181
What are the prime factors of 5124?
2, 3, 7, 61
What are the prime factors of 40634?
2, 11, 1847
List the prime factors of 107842.
2, 7, 7703
List the prime factors of 1492.
2, 373
What are the prime factors of 1367?
1367
List the prime factors of 76390.
2, 5, 7639
List the prime factors of 872.
2, 109
What are the prime factors of 12806?
2, 19, 337
What are the prime factors of 88257?
3, 13, 31, 73
List the prime factors of 6098.
2, 3049
What are the prime factors of 2586?
2, 3, 431
What are the prime factors of 16220?
2, 5, 811
What are the prime factors of 2346?
2, 3, 17, 23
List the prime factors of 34214.
2, 17107
List the prime factors of 92493.
3, 43, 239
What are the prime factors of 383?
383
List the prime factors of 200.
2, 5
What are the prime factors of 32616?
2, 3, 151
What are the prime factors of 3889?
3889
List the prime factors of 71234.
2, 35617
List the prime factors of 1771.
7, 11, 23
List the prime factors of 92.
2, 23
List the prime factors of 1204.
2, 7, 43
List the prime factors of 5858.
2, 29, 101
What are the prime factors of 13813?
19, 727
What are the prime factors of 7032?
2, 3, 293
List the prime factors of 147751.
71, 2081
List the prime factors of 498.
2, 3, 83
List the prime factors of 245.
5, 7
List the prime factors of 108096.
2, 3, 563
List the prime factors of 3288.
2, 3, 137
What are the prime factors of 25881?
3, 8627
List the prime factors of 240.
2, 3, 5
What are the prime factors of 67877?
103, 659
What are the prime factors of 660?
2, 3, 5, 11
List the prime factors of 9085.
5, 23, 79
List the prime factors of 8504.
2, 1063
List the prime factors of 3212.
2, 11, 73
What are the 